e value of (-9 - -4) + 0 - (-14 + 11 + -20)?
18
Calculate 5 + (7 - 26) + 0.
-14
(0 + 0 + 0 - (-267 + 273)) + -1
-7
Calculate 16 - 12 - (7 - 0).
-3
Evaluate 4 + -1 + 8 + 4 + -29.
-14
What is 1 - 2 - (-59 + 62)?
-4
What is the value of 8 + -1 + -13 - (-6 - -11)?
-11
1 - 1 - (2 - 4 - 2) - 9
-5
What is 4 - (1 + -25) - (-13 - -11 - -7)?
23
Evaluate (2 - (-3 + 4) - 13) + 5.
-7
Calculate (20 - -10 - 45) + 1 + 3 + 0.
-11
What is (13 + 1 - 12 - 7) + -9?
-14
Evaluate (-15 - -13 - (7 - 0)) + 6.
-3
What is -17 + 30 + -21 + 10?
2
Evaluate -37 + (-1 + 14 - -7) + -5.
-22
4 - ((28 + -29 - (-2 - 1)) + -2)
4
What is the value of (10 - (-5 + 20)) + -6?
-11
What is -7 - (-12 + 10 + (-4 - 3)) - -16?
18
Calculate -6 + (-9 - -37) + (-13 + 5 - 1).
13
-60 - -49 - (-1 + (3 + -5 - -1))
-9
What is -3 - (20 + -65 + -12 + 26)?
28
Evaluate (-103 + 103 - (0 - -8)) + -10.
-18
Evaluate 14 + (-2 + -3 + 4 - 0).
13
1 + 1 - (8 + (26 - 34))
2
Calculate -32 + (-18 - -23 - -17).
-10
What is (5 - 0 - (11 - 2)) + -4?
-8
Evaluate 19 + -9 + 25 + -15.
20
What is the value of 64 + -56 + (-2 - (-9 - (-2 - 2)))?
11
What is the value of 0 + (-11 - -1 - (51 - 49) - 1)?
-13
What is the value of (0 - 6) + (10 - 4 - 9)?
-9
Evaluate -28 + (-8 - -4 - -4) + (440 - 431).
-19
What is the value of 7 + 2 + 7 + -22 + 6 + 9?
9
Calculate -25 + 11 - -8 - 5.
-11
Calculate (1 - -7) + -3 + 2 + 1 + 0.
8
What is 14 - (10 - 0) - 11?
-7
Calculate 11 + (9 - (-13 + 22) - -4).
15
-21 + (6 - (4 + -7)) - (-2 + 2)
-12
What is (-4 - -1) + (52 - 2) + (-108 - -85)?
24
5 + 1 - ((19 - 16) + -11 + 28)
-14
Evaluate 13 + (9 - 9) - 10.
3
3 + (-3 - -6 - 3) + -6 + 13
10
Calculate -4 + 28 + -11 - 26.
-13
Calculate 2 + 1 + (-11 - -20 - 5) + -17.
-10
Evaluate (-10 - -7 - -6 - (3 - 5)) + -8.
-3
Calculate -12 - -30 - 15 - 0.
3
Calculate 258 - 254 - (-1 + -14).
19
What is (-18 - 2) + (7 - 0) - -3?
-10
What is the value of -1 + 5 + 2 + -5 - (2 + -16)?
15
Calculate (27 - 10) + 13 + -19 - (-19 - -1).
29
What is the value of (6 - -1) + (-130 - -131) - 19?
-11
Evaluate (-29 - (9 - 33)) + 19.
14
What is the value of 3 + -2 + -3 + -8 + 8 + -2?
-4
What is the value of 5 + -10 + 4 - (-81 - -69)?
11
What is -4 - (-5 + -3 - (14 + -10))?
8
What is the value of (4 - 8) + 8 + (2 - 1) + -15?
-10
Calculate (-4 - 0) + -6 + 8 - 9.
-11
Calculate 25 - 27 - (7 - (-18 - -5)).
-22
Evaluate -25 + (7 - -4) + 2 - -5.
-7
What is the value of 17 - -6 - (-1 + 8 + (4 - 7))?
19
-7 - (-38 + 13) - -6
24
What is -7 - (-3 + 7 - 11 - -10)?
-10
(-35 - -37) + (7 - (-7 - -6))
10
Evaluate (-17 - (-8 + 7)) + 10.
-6
Calculate 5 - 2 - (-10 + 52 + -14).
-25
What is -16 - (-29 + 30 - (-2 - -9))?
-10
Evaluate (18 - 1) + (23 - 17 - 12).
11
What is -31 - -30 - 5 - (-1 - -22)?
-27
-6 + (6 + -3 - -3) + -4 + 4
0
Calculate (-9 + 24 - 5) + -15 - (-15 - 1).
11
0 + -6 - (2099 - 2119)
14
(-8 - -8) + (1 + 1 - 21 - -1)
-18
What is the value of -4 + (-20 - (-4 + -7))?
-13
What is 0 - (6 - 3) - (14 + -1)?
-16
Evaluate 3 + (-6 - (4 - 8)) + -9 + 8.
0
What is the value of 512 + -561 + 0 + 21 - (0 + 3)?
-31
Calculate (-1 - -5 - 15) + 1.
-10
Calculate 7 + (3 + -6 - -2 - 4) + 2.
4
What is the value of (243 - 262) + (0 - 0)?
-19
What is the value of (-6 - 0) + -12 + 25 + -8 - -4?
3
What is the value of 11 + -11 + (-3 - -2 - (4 - -5))?
-10
-3 - (-14 - -4) - 16 - -12
3
Calculate 9 + -9 + (34 - 46).
-12
Evaluate -4 + 16 + -11 - (19 + -2 + 2).
-18
Calculate -6 + -4 + 17 + -12 + 1 + -4.
-8
Calculate 16 + -10 + 2 - (0 + (-3 - -1)).
10
2 - ((-29 - -28) + -3 + 0 + -3)
9
Evaluate 8 - (-2 + (-15 - -21)).
4
Evaluate 7 + -18 + 26 + -12.
3
What is (-28 - -40) + 3 + -35 + 8?
-12
What is the value of -8 + (-7 - (-1 + (-19 - -12)))?
-7
Evaluate 1 + (14 + -12 - 2).
1
5 - (-2 + 4 - -8 - (-4 - 2))
-11
What is the value of 245 + -263 + -2 + (2 - -14)?
-4
What is the value of 9 + (-7 - (-5 - (7 - -6))) + -4?
16
Evaluate (-8 + (-4 - -2) - -8) + 19.
17
What is 19 - 12 - 26 - (-12 - -2)?
-9
Evaluate -25 - -32 - (-1 + 13).
-5
Evaluate 8 + 8 + 4 + (-13 - (0 - 3)).
10
What is 4 + -13 + -7 + (6 - -22 - 5)?
7
Calculate (4 + -10 - (-1 - 1)) + 4 - 34.
-34
Evaluate (0 - (-1 - -4 - -2 - 25)) + -6.
14
Evaluate (-3 - -6) + 16 + 23 + 22 + -35.
29
Evaluate 27 + (-17 - 8) - (2 - 6 - 5).
11
What is -1 + -20 - (-95 + 85)?
-11
Calculate -4 - (-5 + 3 - 11 - -3) - -2.
8
What is the value of (0 - 13) + 6 + 10 + -9?
-6
Calculate -18 + 24 + -23 - (3 - 40).
20
What is the value of -1 - -8 - ((-31 - -21) + 33)?
-16
What is the value of -4 + 1 - -17 - (46 + -3)?
-29
Evaluate -54 - (4 + -19 - -6) - -16.
-29
What is the value of 7 - (2 + 3 + 1 + 17)?
-16
Calculate 24 - 12 - (22 + 4).
-14
What is (88 - (-34 - -63)) + -27?
32
What is (3 - 2) + 10 + 1 + -34 + 11?
-11
Evaluate -22 - 12 - (9 + (-10 - 2)).
-31
Calculate -5 + 3 + (-6 - (-4 - 1)) + 15.
12
What is the value of -4 + 2 + (0 - ((10 - 30) + 13))?
5
What is the value of (-11 - (-10 + -12 - -13)) + (-10 - 1)?
-13
Evaluate 0 + 6 + -10 + 10 + 2 - -26.
34
What is the value of ((9 - 24) + 12 - -4) + 7?
8
What is the value of 3 - (4 + (-18 - -10)) - (-1 + 26)?
-18
Evaluate (0 - -1) + -636 + 631.
-4
Calculate 16 + 2 + -1 + -7 + -4 + 4.
10
What is -21 - (-20 + -3) - ((0 - 2) + 5)?
-1
What is -16 - -12 - 6 - -7?
-3
Calculate -2 + -2 + 0 + -1 - -4.
-1
7 - 8 - 14 - (0 + -5) - -3
-7
What is 22 - 11 - (5 + 8)?
-2
Evaluate 2 - (-9 + 11 + (10 - 5)).
-5
Calculate 14 + -32 - (-1 - 9).
-8
Calculate 33 + -8 + -6 + -16.
3
What is the value of (4 - (3 - 3) - (8 - 3)) + 11?
10
(-49 - -39) + (8 - 9 - (-8 + -1))
-2
What is the value of -9 - (-1 - (-1 - -8)) - (5 - 9)?
3
What is -4 - (1 + -4 - (95 - 98))?
-4
What is the value of 3 + 19 + (-1 - 12 - -7)?
16
What is the value of (-6 - -20) + (5 - 8)?
11
What is the value of (-1 - 7 - (589 + -597)) + (-17 - 0)?
-17
Evaluate -3 + 7 + -10 + (23 - 27).
-10
Calculate -25 + 24 + (-1 + -4 - 17).
-23
What is (-1 - (22 + -2) - 0) + (693 - 693)?
-21
Calculate -1 + (-9 - (-4 + 1 - -11)).
-18
Calculate 4 + (13 - 11) + -17.
-11
Evaluate 3 - ((-7 - (-3 + 0 - 4)) + 3).
0
What is 36 + 6 + -130 + 119?
31
What is (12 - (-3 + 7 + 5)) + 18 - -10?
31
-6 + 19 + 5 - -2
20
What is 4 - (-7 - ((-3 - 2) + 1))?
7
What is 1 - ((79 - 77) + (1 - 8))?
6
Evaluate (-6 - -4) + -4 + 7.
1
What is 1 + 6 - (17 + 2 + (-3 - -2))?
-11
Evaluate 7 - (1 - (-5 - 2 - -8 - 2)).
5
What is the value of (-2 - -28) + (-10 - (-3 + 4))?
15
What is the value of (1 - 2) + 14 - 10?
3
What is -6 + (-9 - -17 - 9 - -9)?
2
What is -15 + 38 + -17 - (17 + -1)?
-10
-18 + (-28 + 21 - (2 + 1 + -11))
-17
Evaluate (-3 - -14) + -1 - (57 + -20 - 47).
20
4 - 2 - -3 - (10 + -9)
4
-10 + (-80 + 80 - (1 + 0)) + 31
20
Calculate 21 - (18 - 3) - (-17 + 2) - -4.
25
11 + (-10 - -6) - (-10 + 24)
-7
(-2 - -1) + -1 + (-7 + 41 - 29)
3
5 + -51 + 10 - -4
-32
What is the value of 17 - 1 - (150 - 137)?
3
What is 6 + (-26 - ((0 - (-2 + 7)) + 1))?
-16
Evaluate (1 - 3) + (-7 - (-14 - (4 + 8))).
17
Calculate 0 + -7 + -4 + -5 + (5 - -3).
-8
Evaluate (53 - 50) + -6 + 1.
-2
Evaluate -27 + -2 - (332 - 367).
6
What is the value of 5 + (2 + -13 - (-1 + -10))?
5
-19 + 13 - (-10 + 11)
-7
What is 6 + (-36 - (-4 + -29))?
3
Calculate 1 + -37 + (-437 - -482).
9
What is the value of 51 - (-33 + 64 + -3)?
23
Calculate 21 + -3 + 28 + -47.
-1
What is the value of -12 - (0 + -1 + 0 + -1057 + 1053)?
-7
What is the value of (2 - (0 + 4)) + 12 - 6?
4
Calculate -2 + -32 + 3 + (-18 - -29) + 11.
-9
What is the value of -10 + 9 + (-40 - -23)?
-18
-6 + 18 + -24 + 19
7
What is -7 + (-59 - -60) + (10 - 2)?
2
Calculate 32 + -37 + 1 + -3 + 5.
-2
Evaluate -25 + (-3 - (-11 + 8 + -1)).
-24
Calculate 6 - (3 + 4 + (5 - 14) + 23).
-15
Calculate 0 - 2 - (-24 + (-6 - -38)).
-10
Calculate -23 - -9 - (-194 - -149).
31
What is 2 - (1 + 10) - (-8 + 1)?
-2
Calculate 32 + -34 - (-5 + -3) - 1.
5
Calculate 2 - (-13 + -9 + 15 + -2 + 2).
9
(-4 - -2) + -5 + (-9 - (5 - 9))
-12
0 - (-13 + -1 + 11) - (6 + 1)
-4
Evaluate 18 - (0 - 0 - (-103 + 111)).
26
14 + -28 + 23 + -25
-16
0 + -1 + (-7 - 13) + 17 + 7
3
(7 + 0 - (11 - (5 - -3))) + 16
20
-3 - (-2 + -5 - 6) - (-18 - -14)
14
What is the value of -11 + (-11 - (-9 + (10 - 40)))?
17
What is the value of -21 - (14 + 5 + -26)?
-14
What is the value of -14 + (9 - -2 - -21) - 7?
11
7 + (32 + -35 - -11)
15
Evaluate 6 + -8 - (-8 - (6 + -3)).
9
(-7 - -3) + (5 - 5 - (-3 + 7